{"id":3094,"date":"2013-11-21T03:33:21","date_gmt":"2013-11-21T01:33:21","guid":{"rendered":"http:\/\/acdjeyma.es\/wp-content\/uploads\/2013\/11\/expofutsal.jpg"},"modified":"2018-09-26T16:56:51","modified_gmt":"2018-09-26T14:56:51","slug":"expofutsal","status":"inherit","type":"attachment","link":"https:\/\/acdjeyma.es\/?attachment_id=3094","title":{"rendered":"Cartel anunciador de la exposici\u00f3n de F\u00fatbol Sala en Bola\u00f1os"},"author":1,"featured_media":0,"comment_status":"open","ping_status":"open","template":"","meta":{"jetpack_post_was_ever_published":false},"class_list":["post-3094","attachment","type-attachment","status-inherit","hentry","nodate","item-wrap"],"jetpack_shortlink":"https:\/\/wp.me\/a3uf9Z-NU","jetpack_sharing_enabled":true,"description":{"rendered":"<p class=\"attachment\"><a href='https:\/\/acdjeyma.es\/wp-content\/uploads\/2013\/11\/expofutsal.jpg'><img loading=\"lazy\" decoding=\"async\" width=\"211\" height=\"300\" src=\"https:\/\/acdjeyma.es\/wp-content\/uploads\/2013\/11\/expofutsal-211x300.jpg\" class=\"attachment-medium size-medium\" alt=\"Cartel anunciador de la exposici\u00f3n de F\u00fatbol Sala en Bola\u00f1os\" srcset=\"https:\/\/acdjeyma.es\/wp-content\/uploads\/2013\/11\/expofutsal-211x300.jpg 211w, https:\/\/acdjeyma.es\/wp-content\/uploads\/2013\/11\/expofutsal.jpg 330w\" sizes=\"auto, (max-width: 211px) 100vw, 211px\" data-attachment-id=\"3094\" data-permalink=\"https:\/\/acdjeyma.es\/?attachment_id=3094\" data-orig-file=\"https:\/\/acdjeyma.es\/wp-content\/uploads\/2013\/11\/expofutsal.jpg\" data-orig-size=\"330,467\" data-comments-opened=\"1\" data-image-meta=\"{&quot;aperture&quot;:&quot;0&quot;,&quot;credit&quot;:&quot;&quot;,&quot;camera&quot;:&quot;&quot;,&quot;caption&quot;:&quot;&quot;,&quot;created_timestamp&quot;:&quot;0&quot;,&quot;copyright&quot;:&quot;&quot;,&quot;focal_length&quot;:&quot;0&quot;,&quot;iso&quot;:&quot;0&quot;,&quot;shutter_speed&quot;:&quot;0&quot;,&quot;title&quot;:&quot;&quot;}\" data-image-title=\"Cartel anunciador de la exposici\u00f3n de F\u00fatbol Sala en Bola\u00f1os\" data-image-description=\"&lt;p&gt;Cartel anunciador de la exposici\u00f3n de F\u00fatbol Sala en Bola\u00f1os.&lt;\/p&gt;\n\" data-image-caption=\"&lt;p&gt;Cartel anunciador de la exposici\u00f3n de F\u00fatbol Sala en Bola\u00f1os.&lt;\/p&gt;\n\" data-medium-file=\"https:\/\/acdjeyma.es\/wp-content\/uploads\/2013\/11\/expofutsal-211x300.jpg\" data-large-file=\"https:\/\/acdjeyma.es\/wp-content\/uploads\/2013\/11\/expofutsal.jpg\" \/><\/a><\/p>\n<p>Cartel anunciador de la exposici\u00f3n de F\u00fatbol Sala en Bola\u00f1os.<\/p>\n"},"caption":{"rendered":"<p>Cartel anunciador de la exposici\u00f3n de F\u00fatbol Sala en Bola\u00f1os.<\/p>\n"},"alt_text":"Cartel anunciador de la exposici\u00f3n de F\u00fatbol Sala en Bola\u00f1os","media_type":"image","mime_type":"image\/jpeg","media_details":{"width":330,"height":467,"file":"2013\/11\/expofutsal.jpg","sizes":{"thumbnail":{"file":"expofutsal-150x150.jpg","width":150,"height":150,"mime_type":"image\/jpeg","source_url":"https:\/\/acdjeyma.es\/wp-content\/uploads\/2013\/11\/expofutsal-150x150.jpg"},"medium":{"file":"expofutsal-211x300.jpg","width":211,"height":300,"mime_type":"image\/jpeg","source_url":"https:\/\/acdjeyma.es\/wp-content\/uploads\/2013\/11\/expofutsal-211x300.jpg"},"post-thumbnail":{"file":"expofutsal-330x198.jpg","width":330,"height":198,"mime_type":"image\/jpeg","source_url":"https:\/\/acdjeyma.es\/wp-content\/uploads\/2013\/11\/expofutsal-330x198.jpg"},"full":{"file":"expofutsal.jpg","width":330,"height":467,"mime_type":"image\/jpeg","source_url":"https:\/\/acdjeyma.es\/wp-content\/uploads\/2013\/11\/expofutsal.jpg"}},"image_meta":{"aperture":0,"credit":"","camera":"","caption":"","created_timestamp":0,"copyright":"","focal_length":0,"iso":0,"shutter_speed":0,"title":""}},"post":3090,"source_url":"https:\/\/acdjeyma.es\/wp-content\/uploads\/2013\/11\/expofutsal.jpg","_links":{"self":[{"href":"https:\/\/acdjeyma.es\/index.php?rest_route=\/wp\/v2\/media\/3094","targetHints":{"allow":["GET"]}}],"collection":[{"href":"https:\/\/acdjeyma.es\/index.php?rest_route=\/wp\/v2\/media"}],"about":[{"href":"https:\/\/acdjeyma.es\/index.php?rest_route=\/wp\/v2\/types\/attachment"}],"author":[{"embeddable":true,"href":"https:\/\/acdjeyma.es\/index.php?rest_route=\/wp\/v2\/users\/1"}],"replies":[{"embeddable":true,"href":"https:\/\/acdjeyma.es\/index.php?rest_route=%2Fwp%2Fv2%2Fcomments&post=3094"}]}}

Cartel anunciador de la exposición de Fútbol Sala en Bolaños

<p class="attachment"><a href='https://acdjeyma.es/wp-content/uploads/2013/11/expofutsal.jpg'><img loading="lazy" decoding="async" width="211" height="300" src="https://acdjeyma.es/wp-content/uploads/2013/11/expofutsal-211x300.jpg" class="attachment-medium size-medium" alt="Cartel anunciador de la exposición de Fútbol Sala en Bolaños" srcset="https://acdjeyma.es/wp-content/uploads/2013/11/expofutsal-211x300.jpg 211w, https://acdjeyma.es/wp-content/uploads/2013/11/expofutsal.jpg 330w" sizes="auto, (max-width: 211px) 100vw, 211px" data-attachment-id="3094" data-permalink="https://acdjeyma.es/?attachment_id=3094" data-orig-file="https://acdjeyma.es/wp-content/uploads/2013/11/expofutsal.jpg" data-orig-size="330,467" data-comments-opened="1" data-image-meta="{&quot;aperture&quot;:&quot;0&quot;,&quot;credit&quot;:&quot;&quot;,&quot;camera&quot;:&quot;&quot;,&quot;caption&quot;:&quot;&quot;,&quot;created_timestamp&quot;:&quot;0&quot;,&quot;copyright&quot;:&quot;&quot;,&quot;focal_length&quot;:&quot;0&quot;,&quot;iso&quot;:&quot;0&quot;,&quot;shutter_speed&quot;:&quot;0&quot;,&quot;title&quot;:&quot;&quot;}" data-image-title="Cartel anunciador de la exposición de Fútbol Sala en Bolaños" data-image-description="&lt;p&gt;Cartel anunciador de la exposición de Fútbol Sala en Bolaños.&lt;/p&gt;
" data-image-caption="&lt;p&gt;Cartel anunciador de la exposición de Fútbol Sala en Bolaños.&lt;/p&gt;
" data-medium-file="https://acdjeyma.es/wp-content/uploads/2013/11/expofutsal-211x300.jpg" data-large-file="https://acdjeyma.es/wp-content/uploads/2013/11/expofutsal.jpg" /></a></p>
<p>Cartel anunciador de la exposición de Fútbol Sala en Bolaños.</p>

<p>Cartel anunciador de la exposición de Fútbol Sala en Bolaños.</p>
